 = -r + 9. What is the units digit of q(8)?
1
Let v(s) = s**3. Let y(u) = 3*u**3 + 10*u**2 + 7*u - 5. Let o(f) = -2*v(f) + y(f). What is the units digit of o(-9)?
3
Let m = 152 - 87. What is the tens digit of m?
6
What is the tens digit of 0 + 2 + 21 + 5?
2
Let t = 326 + -189. What is the hundreds digit of t?
1
Let p(b) = b**2 + 14*b + 71. What is the tens digit of p(-13)?
5
Suppose 5*i - 3*u = -43, 5*u = 2*i - 5*i - 19. Let a(h) = -h - 9*h + 3*h**3 - 11 - 4*h**3 - 9*h**2. What is the units digit of a(i)?
5
Suppose -4*p + 158 = 2*c, -3*p = 2*p + 3*c - 195. What is the units digit of p?
2
Suppose -379 = -4*a - 3*o, -2*o + 3*o + 177 = 2*a. What is the tens digit of a?
9
Suppose 7*s - 58 = 5*s. What is the tens digit of s?
2
Let h(g) = -g**2 + 5*g - 10. Let c be h(13). What is the tens digit of (-21)/(-14)*c/(-9)?
1
Suppose -r = -2*r. Suppose r + 2 = g - 4*v, -g + 6 = -2*v. What is the tens digit of g?
1
Let d(m) = -m + 10. Let t be d(8). Let l(v) = 4*v - 2. Let h be l(t). Let o = h - 0. What is the units digit of o?
6
Let m(g) = 3*g**3 + 5*g**3 + 6*g - 6*g**2 - 4*g**3 - 3*g**3 + 1. What is the units digit of m(5)?
6
Let l be -3*(-1 - (-5)/3). Let x be (l - 1)/((-3)/2). Suppose 0 = 4*w - x*w - 6. What is the units digit of w?
3
Let p = 15 - -26. What is the units digit of p?
1
Suppose 5*p - 32 = 4*h, -4*p + 3*p + 3*h = -13. Suppose 0 = 2*b - 0*b - p. Suppose 5*f - 7 = -j, -b*f - 10 - 18 = -4*j. What is the units digit of j?
7
Let f(s) = 9*s. Let y(m) = -m - 1. Suppose -p = -5 + 4. Let l(q) = p*f(q) + 2*y(q). What is the tens digit of l(2)?
1
Let t = -4 - -6. Suppose 14 = 4*u - t. What is the units digit of u?
4
Suppose y - 13 + 1 = 0. What is the units digit of y?
2
Let f(g) = -3*g**2 - 5 + 4*g**3 + 0*g**3 - 3*g**3. Let a be f(4). Suppose j = i + a, 0 = -2*j + 3*j + 2*i - 8. What is the units digit of j?
0
What is the units digit of (-566)/(-8) + (-7)/(-28)?
1
Let i be 1/3*(0 + 15). Suppose -i*h = m + 2, m = -2*h + 8 + 2. What is the units digit of ((-4)/(-6))/(12/m)?
1
Let b(z) = 2*z - 6. Let j be b(4). Let y be -2 + 5 + j + -3. Suppose -3 = -y*v + v. What is the units digit of v?
3
Let x(t) = t**3 + 9*t**2 - 2*t - 10. Let u(p) = p**3 - 6*p**2 - 3*p + 9. Let o be u(6). What is the units digit of x(o)?
8
Suppose -68 + 14 = -3*f. Let u = 26 - f. Suppose 3*v = u*v - 55. What is the units digit of v?
1
Suppose 17*o = 9*o + 2256. What is the units digit of o?
2
Let u = 10 + -7. Suppose d + 4*d = -4*i + 110, u*i - 92 = d. What is the units digit of i?
0
Let z(c) = 11*c**3 - 2*c**2 - 11*c + 66. Let q(b) = 5*b**3 - b**2 - 5*b + 33. Let l(x) = 9*q(x) - 4*z(x). What is the tens digit of l(0)?
3
Let v = 531 + -367. What is the tens digit of v?
6
Let k = 28 - 19. Suppose 5 = -6*x + x. What is the units digit of -1*(0 - k) + x?
8
Let o(y) = y**2 - 8*y + 6. Let x(g) = g**3 - 4*g**2 + 3*g - 3. Let s be x(4). What is the tens digit of o(s)?
1
Let x = 6 - 2. Suppose a - 3*j = x, -1 = -j - 3. What is the units digit of (a/6)/((-3)/54)?
6
Suppose -5*d + 194 = 1304. Let m be (-3 - 48/(-4))*-3. What is the units digit of 6/(-27) + d/m?
8
Let j(k) = 8*k. Let o(x) = 9*x + 1. Let r = 12 + -5. Let l(s) = r*j(s) - 6*o(s). What is the units digit of l(8)?
0
Suppose 4*k - 47 = -h, 130 = h + 4*h - k. Let a = h + -12. Let d = a - 11. What is the units digit of d?
4
Let d = 31 - 29. Suppose -36 = -k - 2*j, -d*j - 148 = 2*k - 5*k. What is the tens digit of k?
4
Suppose -6*b + 118 = -4*b. What is the tens digit of b?
5
Suppose w = -g + 14, 3*w + 115 = 5*g - w. What is the units digit of g?
9
Let k be 12/42 + 19/7. Suppose -2*s + 40 = k*s. What is the units digit of s?
8
Suppose 0 = 4*k + u + 2*u - 21, 3*k - 14 = -4*u. What is the units digit of k?
6
Let k(u) = u**3 + u**2 - u + 2. Let t be k(0). Suppose -4*w + 4*o = 0, 2*w + 0 - t = o. Let b = 7 - w. What is the units digit of b?
5
Suppose -4*l = -0*p + p - 92, 5*p - 2*l = 416. What is the tens digit of p?
8
Let i(x) = -x**2 + 16*x - 14. What is the units digit of i(11)?
1
Let x = 8 + -1. Let d be (x - 2)/((-2)/(-2)). Suppose 2*m + 49 = 4*m - d*w, -w + 31 = 2*m. What is the units digit of m?
7
Suppose -y = 3*y - 688. Suppose 4*p = y - 36. What is the tens digit of p?
3
Suppose 5*r = -2*h, 0*h + 4*r + 28 = 4*h. Suppose 4*q - h*q + 13 = 0. What is the units digit of q?
3
Let i(z) = z**2 + 8*z - 39. What is the tens digit of i(-20)?
0
Let r(n) = 3*n**2 + 3*n - 10. Let m(p) = 4*p**2 + 2*p - 11. Let t(b) = 2*m(b) - 3*r(b). Let w = 9 - 15. What is the units digit of t(w)?
2
What is the units digit of 21*1/(-2)*-2?
1
Suppose 2*a = b + 15, -2*a + 2*b - 2 = -22. Suppose 0 = 5*p - 1 + 16. Let w = a + p. What is the units digit of w?
2
What is the units digit of -3 + 4*(-3 + 15)?
5
What is the tens digit of (-16)/88 - 662/(-11)?
6
Suppose 1 = n - 2*m + 5, -2*n = -5*m + 11. What is the units digit of (n/(-4))/(3/(-6))?
1
Let c = -10 - -13. Let d(k) = k**2 + 3*k. What is the tens digit of d(c)?
1
Let y(k) = k**2 + 2*k - 5. Let z be y(4). Let t = -10 + z. What is the units digit of t?
9
Suppose 2*g = 5*y - 587, 3*y + g = 4*g + 354. What is the hundreds digit of y?
1
Let z be (1 - 0)/((-6)/(-24)). Suppose -5*t + 3*s = -21, -z*t - 2*s = t - 11. What is the units digit of t?
3
What is the units digit of 2 - (1 + 13*-10)?
1
Let r = -72 - -132. What is the units digit of r?
0
What is the tens digit of ((-3)/9)/((-5)/150)?
1
Let w = 12 - 7. Suppose -w*n = -n. Suppose -3*f + 5 = -u, n*f = 3*f - 4*u - 11. What is the units digit of f?
1
Let w be (42/8)/((-3)/12). What is the units digit of (-7)/(w/54) - 3?
5
Let r(v) = 4*v**2 - 8*v - 11. Let y(j) = -j**2 + 1. Let a(b) = r(b) + 2*y(b). What is the units digit of a(7)?
3
Let q(n) = -n**2 - n. Let h be q(-1). Suppose 5*a + 24 + 21 = h. What is the units digit of (-2)/a + (-345)/(-27)?
3
Suppose 9*m = 3 + 15. What is the units digit of m?
2
Let u(k) = k**2 - 12. Let p be u(0). Let d = 16 + p. What is the units digit of d?
4
Let j = 12 + -22. Let x = -5 - j. Suppose 2*t - 11 = -5*n, 2*n + t - x*t = 14. What is the units digit of n?
3
Let f(d) = 2*d**3 + 4*d**2 - 6*d - 3. Let y(n) = n**3 + 5*n**2 - 5*n - 2. Let h(x) = -2*f(x) + 3*y(x). What is the tens digit of h(3)?
2
Suppose 2*q - 3*a - 370 = a, -5*q + 873 = 3*a. What is the units digit of q?
7
Suppose 0 = -3*q + 16 + 8. Let t be q/(-6)*-3*1. Suppose -30 = -t*a - a. What is the units digit of a?
6
Suppose -5*h + 6*y = 8*y + 4, -5*h + 5*y + 10 = 0. Suppose d - 3*d - 388 = 3*p, h = -5*d + 20. What is the units digit of p/(-30) + (-4)/10?
4
Let t = -3 - -3. Suppose -4*j - 12 = t, 2*l - j - 2*j - 5 = 0. What is the units digit of (-5 + -2)/(l - -1)?
7
Let x(u) = -u - 3. Let z be x(-6). What is the units digit of ((-2)/z)/((-3)/18)?
4
Let i = 96 + -34. Suppose -3*n - 20 - 52 = -5*a, 2*n - i = -4*a. What is the units digit of a?
5
Suppose 56 = 7*g - 3*g. What is the tens digit of 2*(2 - 3) + g?
1
Let k be 2/7 + 38/14. Let j be 3/k - -2 - -2. Suppose 0*w + 3*w + 21 = 3*o, -5*o = j*w - 55. What is the units digit of o?
9
Let n be 1/(0/(-3) + 1). What is the units digit of n + -1 - (-3 + -20)?
3
Suppose 5*w - 4*b - 425 = 0, -5*w + 2*b = -356 - 79. What is the tens digit of w?
8
Let m(q) = -q**3 - 9*q**2 - 10*q - 12. Let x be m(-8). Suppose 5*p - 34 = -x*z, 4*z + 4 = 3*p - 10. Suppose -4*o = -p*o + 12. What is the units digit of o?
6
Suppose 0 = 4*t + t - 460. What is the units digit of t?
2
Let p(a) = a**3 + 7*a**2 + 5*a - 5. Let r(s) = -s**3 + 2. Let q be r(2). What is the units digit of p(q)?
1
Let g = 10 - 16. What is the units digit of 1*-10*3/g?
5
Let z(v) = -v**2 - 2. Let n be z(-3). Let g(l) = l**3 + 7*l**2 - 4*l + 8. Let j be g(-8). Let a = n - j. What is the units digit of a?
3
Let c(x) = -8*x - 5. Let w(s) = -9*s - 6. Let v(j) = -18*j - 12. Let l(t) = 3*v(t) - 7*w(t). Let g(r) = -7*c(r) - 6*l(r). What is the tens digit of g(6)?
1
Let m(k) = k**3 - 12*k**2 - 28*k + 20. What is the tens digit of m(14)?
2
Let f(s) = -s - 1. Let y(u) = -3*u - 21. Let m(r) = 4*f(r) - y(r). Let c be m(12). Let n = c - -1. What is the units digit of n?
6
Suppose -u = 5*w + 2, -5*u + 2*w = -0*w + 10. Let f = u - -19. What is the tens digit of f?
1
Suppose -m + 37 = -59. What is the tens digit of m?
9
Suppose -2*y + 4 = n, 0 = -3*n + 4*n + 4*y + 4. What is the units digit 